{"id":925,"date":"2014-09-16T16:07:42","date_gmt":"2014-09-16T15:07:42","guid":{"rendered":"http:\/\/www.senneby-by.se\/?page_id=925"},"modified":"2014-11-17T18:40:17","modified_gmt":"2014-11-17T17:40:17","slug":"roslagsdialekten","status":"publish","type":"page","link":"https:\/\/www.senneby-by.se\/?page_id=925","title":{"rendered":"Roslagsdialekten"},"content":{"rendered":"<p><strong>Lyssna till Josefina Olsson fr\u00e5n byn\u00a0Massum<\/strong>, som inte ligger l\u00e5ngt fr\u00e5n Senneby.\u00a0Mer att l\u00e4sa\u00a0om Josefina Olsson finns p\u00e5 hemsidan f\u00f6r\u00a0 V\u00e4dd\u00f6 hembygdsf\u00f6rening under rubriken &#8221;Vardagsdagsliv i Massum i slutet av 1800-talet&#8221;.<\/p>\n<p><strong>Inspelningen<\/strong>\u00a0\u00e4r gjord av Institutet f\u00f6r spr\u00e5k och spr\u00e5kminnen. Till\u00e5telse har givits att publicera avsnittet p\u00e5 denna hemsida. <em><span style=\"text-decoration: underline;\">Tryck p\u00e5 det svarta f\u00e4ltet\u00a0<\/span><\/em><\/p>\n<!--[if lt IE 9]><script>document.createElement('audio');<\/script><![endif]-->\n<audio class=\"wp-audio-shortcode\" id=\"audio-925-1\" preload=\"none\" style=\"width: 100%;\" controls=\"controls\"><source type=\"audio\/x-ms-wma\" src=\"https:\/\/www.senneby-by.se\/wp-content\/uploads\/2014\/09\/04-Sp\u00e5r-4.wma?_=1\" \/><a href=\"https:\/\/www.senneby-by.se\/wp-content\/uploads\/2014\/09\/04-Sp\u00e5r-4.wma\">https:\/\/www.senneby-by.se\/wp-content\/uploads\/2014\/09\/04-Sp\u00e5r-4.wma<\/a><\/audio>\n<p>&nbsp;<\/p>\n<p><strong>Utdrag ur SVT P4 Uppland;<\/strong> <span style=\"font-family: Times New Roman;\">Roslagsdialekten eller rospiggskan som den ocks\u00e5 kallas \u00e4r inte lika utbredd och tydlig idag j\u00e4mf\u00f6rt med tidigare men det finns fortfarande sp\u00e5r av dialekten kvar runt om i l\u00e4net. <\/span><span style=\"font-family: Times New Roman;\">\u2013 Den b\u00f6rjar v\u00e4l suddas ut lite men visst finns den kvar s\u00e4ger roslagsk\u00e4nnaren Mickael Blum.\u00a0<\/span><span style=\"font-family: Times New Roman;\">N\u00e5got som kan vara karakt\u00e4ristiskt f\u00f6r roslagsdialekten eller &#8221;rospiggskan&#8221; \u00e4r att man l\u00e4gger till eller tar bort bokstaven H p\u00e5 vissa ord. Men detta drag har \u00e4ven varit ifr\u00e5gasatt.\u00a0\u00a0&#8211;<\/span><span style=\"font-family: Times New Roman;\"> Vissa spr\u00e5kforskare har sagt att det d\u00e4r med H-till\u00e4gget eller bortfallet i Rospiggskan skulle vara en myt men det \u00e4r den faktiskt inte f\u00f6r den finns till och med p\u00e5 runsten konstaterar roslagsk\u00e4nnaren Mickael Blum.<\/span><\/p>\n<p>Se \u00e4ven Uppsatsen fr\u00e5n Uppsala Universitet. &#8221;En studie av dialektala s\u00e4rdrag i det Uppl\u00e4ndska roslagsm\u00e5let av Sanna Karlsson 2009&#8221;.<\/p>\n<ul>\n<li>l\u00e4nk till\u00a0<a title=\"En studie i dialektala s\u00e4rdrag i det Uppl\u00e4nska roslagsm\u00e5let\" href=\"http:\/\/www2.lingfil.uu.se\/ling\/semfiler\/sanna_karlsson_c.pdf\" target=\"_blank\">Uppsats;<\/a><\/li>\n<\/ul>\n<p>&nbsp;<\/p>\n","protected":false},"excerpt":{"rendered":"<p>Lyssna till Josefina Olsson fr\u00e5n byn\u00a0Massum, som inte ligger l\u00e5ngt fr\u00e5n Senneby.\u00a0Mer att l\u00e4sa\u00a0om Josefina Olsson finns p\u00e5 hemsidan f\u00f6r\u00a0 V\u00e4dd\u00f6 hembygdsf\u00f6rening under rubriken &#8221;Vardagsdagsliv i Massum i slutet av 1800-talet&#8221;. Inspelningen\u00a0\u00e4r gjord av Institutet f\u00f6r spr\u00e5k och spr\u00e5kminnen. Till\u00e5telse &hellip; <a href=\"https:\/\/www.senneby-by.se\/?page_id=925\">Forts\u00e4tt l\u00e4sa <span class=\"meta-nav\">&rarr;<\/span><\/a><\/p>\n","protected":false},"author":1,"featured_media":0,"parent":175,"menu_order":1,"comment_status":"closed","ping_status":"closed","template":"","meta":[],"_links":{"self":[{"href":"https:\/\/www.senneby-by.se\/index.php?rest_route=\/wp\/v2\/pages\/925"}],"collection":[{"href":"https:\/\/www.senneby-by.se\/index.php?rest_route=\/wp\/v2\/pages"}],"about":[{"href":"https:\/\/www.senneby-by.se\/index.php?rest_route=\/wp\/v2\/types\/page"}],"author":[{"embeddable":true,"href":"https:\/\/www.senneby-by.se\/index.php?rest_route=\/wp\/v2\/users\/1"}],"replies":[{"embeddable":true,"href":"https:\/\/www.senneby-by.se\/index.php?rest_route=%2Fwp%2Fv2%2Fcomments&post=925"}],"version-history":[{"count":19,"href":"https:\/\/www.senneby-by.se\/index.php?rest_route=\/wp\/v2\/pages\/925\/revisions"}],"predecessor-version":[{"id":977,"href":"https:\/\/www.senneby-by.se\/index.php?rest_route=\/wp\/v2\/pages\/925\/revisions\/977"}],"up":[{"embeddable":true,"href":"https:\/\/www.senneby-by.se\/index.php?rest_route=\/wp\/v2\/pages\/175"}],"wp:attachment":[{"href":"https:\/\/www.senneby-by.se\/index.php?rest_route=%2Fwp%2Fv2%2Fmedia&parent=925"}],"curies":[{"name":"wp","href":"https:\/\/api.w.org\/{rel}","templated":true}]}}

<p><strong>Lyssna till Josefina Olsson från byn Massum</strong>, som inte ligger långt från Senneby. Mer att läsa om Josefina Olsson finns på hemsidan för  Väddö hembygdsförening under rubriken &#8221;Vardagsdagsliv i Massum i slutet av 1800-talet&#8221;.</p>
<p><strong>Inspelningen</strong> är gjord av Institutet för språk och språkminnen. Tillåtelse har givits att publicera avsnittet på denna hemsida. <em><span style="text-decoration: underline;">Tryck på det svarta fältet </span></em></p>
<!--[if lt IE 9]><script>document.createElement('audio');</script><![endif]-->
<audio class="wp-audio-shortcode" id="audio-925-1" preload="none" style="width: 100%;" controls="controls"><source type="audio/x-ms-wma" src="https://www.senneby-by.se/wp-content/uploads/2014/09/04-Spår-4.wma?_=1" /><a href="https://www.senneby-by.se/wp-content/uploads/2014/09/04-Spår-4.wma">https://www.senneby-by.se/wp-content/uploads/2014/09/04-Spår-4.wma</a></audio>
<p>&nbsp;</p>
<p><strong>Utdrag ur SVT P4 Uppland;</strong> <span style="font-family: Times New Roman;">Roslagsdialekten eller rospiggskan som den också kallas är inte lika utbredd och tydlig idag jämfört med tidigare men det finns fortfarande spår av dialekten kvar runt om i länet. </span><span style="font-family: Times New Roman;">– Den börjar väl suddas ut lite men visst finns den kvar säger roslagskännaren Mickael Blum. </span><span style="font-family: Times New Roman;">Något som kan vara karaktäristiskt för roslagsdialekten eller &#8221;rospiggskan&#8221; är att man lägger till eller tar bort bokstaven H på vissa ord. Men detta drag har även varit ifrågasatt.  &#8211;</span><span style="font-family: Times New Roman;"> Vissa språkforskare har sagt att det där med H-tillägget eller bortfallet i Rospiggskan skulle vara en myt men det är den faktiskt inte för den finns till och med på runsten konstaterar roslagskännaren Mickael Blum.</span></p>
<p>Se även Uppsatsen från Uppsala Universitet. &#8221;En studie av dialektala särdrag i det Uppländska roslagsmålet av Sanna Karlsson 2009&#8221;.</p>
<ul>
<li>länk till <a title="En studie i dialektala särdrag i det Upplänska roslagsmålet" href="http://www2.lingfil.uu.se/ling/semfiler/sanna_karlsson_c.pdf" target="_blank">Uppsats;</a></li>
</ul>
<p>&nbsp;</p>

<p>Lyssna till Josefina Olsson från byn Massum, som inte ligger långt från Senneby. Mer att läsa om Josefina Olsson finns på hemsidan för  Väddö hembygdsförening under rubriken &#8221;Vardagsdagsliv i Massum i slutet av 1800-talet&#8221;. Inspelningen är gjord av Institutet för språk och språkminnen. Tillåtelse &hellip; <a href="https://www.senneby-by.se/?page_id=925">Fortsätt läsa <span class="meta-nav">&rarr;</span></a></p>
