{"id":83,"date":"2012-07-16T18:37:31","date_gmt":"2012-07-16T18:37:31","guid":{"rendered":"http:\/\/www.senneby-by.se\/?page_id=83"},"modified":"2023-07-04T14:03:49","modified_gmt":"2023-07-04T12:03:49","slug":"lankar","status":"publish","type":"page","link":"https:\/\/www.senneby-by.se\/?page_id=83","title":{"rendered":"Arbetsgruppen"},"content":{"rendered":"<p>\u00a0<\/p>\n<p>Arbetsgruppen som arbetar med att dokumentera och\u00a0samla\u00a0material\u00a0till\u00a0denna hemsida best\u00e5r av:<\/p>\n<p>Thure Herbertsson, Sture G\u00f6tesson, Margareta Eriksson, Anna-Karin Alv\u00e9n, Kjell Westerberg och Bertil Malmf\u00e4lt<\/p>\n<p><span style=\"text-decoration: underline;\">Arbetsgruppen i arbete<\/span><\/p>\n<p><a href=\"http:\/\/www.senneby-by.se\/wp-content\/uploads\/2014\/04\/P1000186.jpg\"><img decoding=\"async\" loading=\"lazy\" class=\"aligncenter size-full wp-image-810\" src=\"http:\/\/www.senneby-by.se\/wp-content\/uploads\/2014\/04\/P1000186.jpg\" alt=\"P1000186\" width=\"4320\" height=\"3240\" srcset=\"https:\/\/www.senneby-by.se\/wp-content\/uploads\/2014\/04\/P1000186.jpg 4320w, https:\/\/www.senneby-by.se\/wp-content\/uploads\/2014\/04\/P1000186-300x225.jpg 300w, https:\/\/www.senneby-by.se\/wp-content\/uploads\/2014\/04\/P1000186-1024x768.jpg 1024w, https:\/\/www.senneby-by.se\/wp-content\/uploads\/2014\/04\/P1000186-400x300.jpg 400w\" sizes=\"(max-width: 4320px) 100vw, 4320px\" \/><\/a><\/p>\n<p><a href=\"http:\/\/www.senneby-by.se\/wp-content\/uploads\/2014\/04\/P1000192.jpg\"><img decoding=\"async\" loading=\"lazy\" class=\"aligncenter size-full wp-image-811\" src=\"http:\/\/www.senneby-by.se\/wp-content\/uploads\/2014\/04\/P1000192.jpg\" alt=\"P1000192\" width=\"4320\" height=\"3240\" srcset=\"https:\/\/www.senneby-by.se\/wp-content\/uploads\/2014\/04\/P1000192.jpg 4320w, https:\/\/www.senneby-by.se\/wp-content\/uploads\/2014\/04\/P1000192-300x225.jpg 300w, https:\/\/www.senneby-by.se\/wp-content\/uploads\/2014\/04\/P1000192-1024x768.jpg 1024w, https:\/\/www.senneby-by.se\/wp-content\/uploads\/2014\/04\/P1000192-400x300.jpg 400w\" sizes=\"(max-width: 4320px) 100vw, 4320px\" \/><\/a><\/p>\n<p><span style=\"text-decoration: underline;\">Aktiviteter d\u00e4r Arbetsgruppen varit engagerad<\/span><\/p>\n<p>Kista Hembygdsg\u00e5rd ordnade sommaren 2013 en byvandring i Senneby med inriktning p\u00e5 ber\u00e4ttelsen om ursprungsg\u00e5rdarna. Arbetsgruppen engagerades och ber\u00e4ttade\u00a0 om historien fr\u00e5n storskiftet och fram\u00e5t. Vandringen lockade ca 45 personer som avslutades med kaffe i Viktor Jans g\u00e5rdens tr\u00e4dg\u00e5rd.<\/p>\n<p><a href=\"http:\/\/www.senneby-by.se\/wp-content\/uploads\/2014\/04\/P1000157.jpg\"><img decoding=\"async\" loading=\"lazy\" class=\"aligncenter size-full wp-image-807\" src=\"http:\/\/www.senneby-by.se\/wp-content\/uploads\/2014\/04\/P1000157.jpg\" alt=\"P1000157\" width=\"4320\" height=\"3240\" srcset=\"https:\/\/www.senneby-by.se\/wp-content\/uploads\/2014\/04\/P1000157.jpg 4320w, https:\/\/www.senneby-by.se\/wp-content\/uploads\/2014\/04\/P1000157-300x225.jpg 300w, https:\/\/www.senneby-by.se\/wp-content\/uploads\/2014\/04\/P1000157-1024x768.jpg 1024w, https:\/\/www.senneby-by.se\/wp-content\/uploads\/2014\/04\/P1000157-400x300.jpg 400w\" sizes=\"(max-width: 4320px) 100vw, 4320px\" \/><\/a><\/p>\n<p><a href=\"http:\/\/www.senneby-by.se\/wp-content\/uploads\/2014\/04\/P1000161.jpg\"><img decoding=\"async\" loading=\"lazy\" class=\"aligncenter size-full wp-image-809\" src=\"http:\/\/www.senneby-by.se\/wp-content\/uploads\/2014\/04\/P1000161.jpg\" alt=\"P1000161\" width=\"4320\" height=\"3240\" srcset=\"https:\/\/www.senneby-by.se\/wp-content\/uploads\/2014\/04\/P1000161.jpg 4320w, https:\/\/www.senneby-by.se\/wp-content\/uploads\/2014\/04\/P1000161-300x225.jpg 300w, https:\/\/www.senneby-by.se\/wp-content\/uploads\/2014\/04\/P1000161-1024x768.jpg 1024w, https:\/\/www.senneby-by.se\/wp-content\/uploads\/2014\/04\/P1000161-400x300.jpg 400w\" sizes=\"(max-width: 4320px) 100vw, 4320px\" \/><\/a><\/p>\n<p><span style=\"text-decoration: underline;\">Inf\u00f6r sommaren 2014 sammanst\u00e4lldes ett Informationsblad om hemsidan som delades ut i brevl\u00e5dorna i Senneby och i dess n\u00e4rhet.\u00a0\u00a0\u00a0<\/span><\/p>\n<ul>\n<li><a href=\"http:\/\/www.senneby-by.se\/wp-content\/uploads\/2014\/06\/Infoblad.pdf\">Informationsblad<\/a><\/li>\n<\/ul>\n<p style=\"text-align: left;\"><strong>2016.<\/strong><\/p>\n<p style=\"text-align: left;\">Arbetsgruppens f\u00e4ltstudier\u00a0den 13 juli p\u00e5\u00a0och intill Nors utgjord<\/p>\n<ul>\n<li style=\"text-align: left;\"><a href=\"http:\/\/www.senneby-by.se\/wp-content\/uploads\/2016\/11\/Kort-fr\u00e5n-forminnesvandringen-den-13-juli-2016.pdf\">F\u00e4ltstudier p\u00e5 och intill Nors utjord<\/a><\/li>\n<\/ul>\n<p style=\"text-align: left;\"><span style=\"text-decoration: underline;\">\u00a0Arbetsgruppens kontakt med forskare vid Ultuna.<\/span><\/p>\n<p style=\"text-align: left;\">Arbetsgruppen hade under\u00a02015 skickat vissa fr\u00e5gor till forskaren Olof Karsvall vid Ultuna lantbruksuniversitet\u00a0om ursprunget\u00a0till fenomenet\u00a0&#8221;utjordar&#8221;. Den 3 november\u00a0 blev arbetsgruppen inbjuden till att n\u00e4rvara d\u00e5 Olof\u00a0 Karsvall skulle\u00a0 f\u00f6rsvara\u00a0 sin avhandling &#8221;Utjordar och \u00f6deg\u00e5rdar. En studie i retrogressiv metod&#8221;. Det var en trevlig och intressant dag. Nedan finns bild p\u00e5 boken och information om dagen.<\/p>\n<p style=\"text-align: left;\"><img decoding=\"async\" loading=\"lazy\" class=\"alignnone\" src=\"http:\/\/www.senneby-by.se\/wp-content\/uploads\/2016\/11\/betyg-1_0001.jpg\" width=\"2123\" height=\"2886\" \/><\/p>\n<p style=\"text-align: left;\"><img decoding=\"async\" loading=\"lazy\" class=\"alignnone\" src=\"http:\/\/www.senneby-by.se\/wp-content\/uploads\/2016\/11\/betyg-1_0004.jpg\" width=\"1659\" height=\"2525\" \/><\/p>\n<p style=\"text-align: left;\"><strong>2017<\/strong><\/p>\n<p style=\"text-align: left;\">Arbetsgruppen tr\u00e4ffar Ulf Sporrong och g\u00f6r bes\u00f6k p\u00e5 fornl\u00e4mningarna vid Nors Utjord m.m. Se minnesanteckningar fr\u00e5n m\u00f6tet.<\/p>\n<ul>\n<li style=\"text-align: left;\"><a href=\"http:\/\/www.senneby-by.se\/wp-content\/uploads\/2017\/09\/Minnesanteckningar-fr\u00e5n-m\u00f6te-med-Senneby-samr\u00e5dsgrupp-170717.pdf\">Minnesanteckningar fr\u00e5n m\u00f6tet 2017-07-17<\/a><\/li>\n<\/ul>\n\n\n<p><\/p>\n\n\n\n<div class=\"wp-block-columns is-layout-flex wp-container-5\">\n<div class=\"wp-block-column is-layout-flow\" style=\"flex-basis:100%\">\n<div class=\"wp-block-columns alignwide is-layout-flex wp-container-3\">\n<div class=\"wp-block-column is-layout-flow\" style=\"flex-basis:50%\">\n<h2 class=\"wp-block-heading\">2023<\/h2>\n\n\n\n<ul>\n<li><a href=\"https:\/\/www.senneby-by.se\/wp-content\/uploads\/2023\/07\/Fornvandring-sondagen-den-14e-maj-2023-vid-Kista-och-Senneby-Nor-1.pdf\" data-type=\"attachment\" data-id=\"1850\">Fornvandring s\u00f6ndagen den 14e maj 2023 vid Kista och Senneby Nor<\/a><\/li>\n<\/ul>\n<\/div>\n\n\n\n<div class=\"wp-block-column is-layout-flow\" style=\"flex-basis:50%\">\n<figure class=\"wp-block-image\"><img alt=\"\"\/><\/figure>\n<\/div>\n<\/div>\n<\/div>\n<\/div>\n","protected":false},"excerpt":{"rendered":"<p>\u00a0 Arbetsgruppen som arbetar med att dokumentera och\u00a0samla\u00a0material\u00a0till\u00a0denna hemsida best\u00e5r av: Thure Herbertsson, Sture G\u00f6tesson, Margareta Eriksson, Anna-Karin Alv\u00e9n, Kjell Westerberg och Bertil Malmf\u00e4lt Arbetsgruppen i arbete Aktiviteter d\u00e4r Arbetsgruppen varit engagerad Kista Hembygdsg\u00e5rd ordnade sommaren 2013 en byvandring i &hellip; <a href=\"https:\/\/www.senneby-by.se\/?page_id=83\">Forts\u00e4tt l\u00e4sa <span class=\"meta-nav\">&rarr;<\/span><\/a><\/p>\n","protected":false},"author":1,"featured_media":0,"parent":0,"menu_order":6,"comment_status":"closed","ping_status":"closed","template":"","meta":[],"_links":{"self":[{"href":"https:\/\/www.senneby-by.se\/index.php?rest_route=\/wp\/v2\/pages\/83"}],"collection":[{"href":"https:\/\/www.senneby-by.se\/index.php?rest_route=\/wp\/v2\/pages"}],"about":[{"href":"https:\/\/www.senneby-by.se\/index.php?rest_route=\/wp\/v2\/types\/page"}],"author":[{"embeddable":true,"href":"https:\/\/www.senneby-by.se\/index.php?rest_route=\/wp\/v2\/users\/1"}],"replies":[{"embeddable":true,"href":"https:\/\/www.senneby-by.se\/index.php?rest_route=%2Fwp%2Fv2%2Fcomments&post=83"}],"version-history":[{"count":50,"href":"https:\/\/www.senneby-by.se\/index.php?rest_route=\/wp\/v2\/pages\/83\/revisions"}],"predecessor-version":[{"id":1852,"href":"https:\/\/www.senneby-by.se\/index.php?rest_route=\/wp\/v2\/pages\/83\/revisions\/1852"}],"wp:attachment":[{"href":"https:\/\/www.senneby-by.se\/index.php?rest_route=%2Fwp%2Fv2%2Fmedia&parent=83"}],"curies":[{"name":"wp","href":"https:\/\/api.w.org\/{rel}","templated":true}]}}

<p> </p>
<p>Arbetsgruppen som arbetar med att dokumentera och samla material till denna hemsida består av:</p>
<p>Thure Herbertsson, Sture Götesson, Margareta Eriksson, Anna-Karin Alvén, Kjell Westerberg och Bertil Malmfält</p>
<p><span style="text-decoration: underline;">Arbetsgruppen i arbete</span></p>
<p><a href="http://www.senneby-by.se/wp-content/uploads/2014/04/P1000186.jpg"><img decoding="async" loading="lazy" class="aligncenter size-full wp-image-810" src="http://www.senneby-by.se/wp-content/uploads/2014/04/P1000186.jpg" alt="P1000186" width="4320" height="3240" srcset="https://www.senneby-by.se/wp-content/uploads/2014/04/P1000186.jpg 4320w, https://www.senneby-by.se/wp-content/uploads/2014/04/P1000186-300x225.jpg 300w, https://www.senneby-by.se/wp-content/uploads/2014/04/P1000186-1024x768.jpg 1024w, https://www.senneby-by.se/wp-content/uploads/2014/04/P1000186-400x300.jpg 400w" sizes="(max-width: 4320px) 100vw, 4320px" /></a></p>
<p><a href="http://www.senneby-by.se/wp-content/uploads/2014/04/P1000192.jpg"><img decoding="async" loading="lazy" class="aligncenter size-full wp-image-811" src="http://www.senneby-by.se/wp-content/uploads/2014/04/P1000192.jpg" alt="P1000192" width="4320" height="3240" srcset="https://www.senneby-by.se/wp-content/uploads/2014/04/P1000192.jpg 4320w, https://www.senneby-by.se/wp-content/uploads/2014/04/P1000192-300x225.jpg 300w, https://www.senneby-by.se/wp-content/uploads/2014/04/P1000192-1024x768.jpg 1024w, https://www.senneby-by.se/wp-content/uploads/2014/04/P1000192-400x300.jpg 400w" sizes="(max-width: 4320px) 100vw, 4320px" /></a></p>
<p><span style="text-decoration: underline;">Aktiviteter där Arbetsgruppen varit engagerad</span></p>
<p>Kista Hembygdsgård ordnade sommaren 2013 en byvandring i Senneby med inriktning på berättelsen om ursprungsgårdarna. Arbetsgruppen engagerades och berättade  om historien från storskiftet och framåt. Vandringen lockade ca 45 personer som avslutades med kaffe i Viktor Jans gårdens trädgård.</p>
<p><a href="http://www.senneby-by.se/wp-content/uploads/2014/04/P1000157.jpg"><img decoding="async" loading="lazy" class="aligncenter size-full wp-image-807" src="http://www.senneby-by.se/wp-content/uploads/2014/04/P1000157.jpg" alt="P1000157" width="4320" height="3240" srcset="https://www.senneby-by.se/wp-content/uploads/2014/04/P1000157.jpg 4320w, https://www.senneby-by.se/wp-content/uploads/2014/04/P1000157-300x225.jpg 300w, https://www.senneby-by.se/wp-content/uploads/2014/04/P1000157-1024x768.jpg 1024w, https://www.senneby-by.se/wp-content/uploads/2014/04/P1000157-400x300.jpg 400w" sizes="(max-width: 4320px) 100vw, 4320px" /></a></p>
<p><a href="http://www.senneby-by.se/wp-content/uploads/2014/04/P1000161.jpg"><img decoding="async" loading="lazy" class="aligncenter size-full wp-image-809" src="http://www.senneby-by.se/wp-content/uploads/2014/04/P1000161.jpg" alt="P1000161" width="4320" height="3240" srcset="https://www.senneby-by.se/wp-content/uploads/2014/04/P1000161.jpg 4320w, https://www.senneby-by.se/wp-content/uploads/2014/04/P1000161-300x225.jpg 300w, https://www.senneby-by.se/wp-content/uploads/2014/04/P1000161-1024x768.jpg 1024w, https://www.senneby-by.se/wp-content/uploads/2014/04/P1000161-400x300.jpg 400w" sizes="(max-width: 4320px) 100vw, 4320px" /></a></p>
<p><span style="text-decoration: underline;">Inför sommaren 2014 sammanställdes ett Informationsblad om hemsidan som delades ut i brevlådorna i Senneby och i dess närhet.   </span></p>
<ul>
<li><a href="http://www.senneby-by.se/wp-content/uploads/2014/06/Infoblad.pdf">Informationsblad</a></li>
</ul>
<p style="text-align: left;"><strong>2016.</strong></p>
<p style="text-align: left;">Arbetsgruppens fältstudier den 13 juli på och intill Nors utgjord</p>
<ul>
<li style="text-align: left;"><a href="http://www.senneby-by.se/wp-content/uploads/2016/11/Kort-från-forminnesvandringen-den-13-juli-2016.pdf">Fältstudier på och intill Nors utjord</a></li>
</ul>
<p style="text-align: left;"><span style="text-decoration: underline;"> Arbetsgruppens kontakt med forskare vid Ultuna.</span></p>
<p style="text-align: left;">Arbetsgruppen hade under 2015 skickat vissa frågor till forskaren Olof Karsvall vid Ultuna lantbruksuniversitet om ursprunget till fenomenet &#8221;utjordar&#8221;. Den 3 november  blev arbetsgruppen inbjuden till att närvara då Olof  Karsvall skulle  försvara  sin avhandling &#8221;Utjordar och ödegårdar. En studie i retrogressiv metod&#8221;. Det var en trevlig och intressant dag. Nedan finns bild på boken och information om dagen.</p>
<p style="text-align: left;"><img decoding="async" loading="lazy" class="alignnone" src="http://www.senneby-by.se/wp-content/uploads/2016/11/betyg-1_0001.jpg" width="2123" height="2886" /></p>
<p style="text-align: left;"><img decoding="async" loading="lazy" class="alignnone" src="http://www.senneby-by.se/wp-content/uploads/2016/11/betyg-1_0004.jpg" width="1659" height="2525" /></p>
<p style="text-align: left;"><strong>2017</strong></p>
<p style="text-align: left;">Arbetsgruppen träffar Ulf Sporrong och gör besök på fornlämningarna vid Nors Utjord m.m. Se minnesanteckningar från mötet.</p>
<ul>
<li style="text-align: left;"><a href="http://www.senneby-by.se/wp-content/uploads/2017/09/Minnesanteckningar-från-möte-med-Senneby-samrådsgrupp-170717.pdf">Minnesanteckningar från mötet 2017-07-17</a></li>
</ul>


<p></p>



<div class="wp-block-columns is-layout-flex wp-container-5">
<div class="wp-block-column is-layout-flow" style="flex-basis:100%">
<div class="wp-block-columns alignwide is-layout-flex wp-container-3">
<div class="wp-block-column is-layout-flow" style="flex-basis:50%">
<h2 class="wp-block-heading">2023</h2>



<ul>
<li><a href="https://www.senneby-by.se/wp-content/uploads/2023/07/Fornvandring-sondagen-den-14e-maj-2023-vid-Kista-och-Senneby-Nor-1.pdf" data-type="attachment" data-id="1850">Fornvandring söndagen den 14e maj 2023 vid Kista och Senneby Nor</a></li>
</ul>
</div>



<div class="wp-block-column is-layout-flow" style="flex-basis:50%">
<figure class="wp-block-image"><img alt=""/></figure>
</div>
</div>
</div>
</div>

<p>  Arbetsgruppen som arbetar med att dokumentera och samla material till denna hemsida består av: Thure Herbertsson, Sture Götesson, Margareta Eriksson, Anna-Karin Alvén, Kjell Westerberg och Bertil Malmfält Arbetsgruppen i arbete Aktiviteter där Arbetsgruppen varit engagerad Kista Hembygdsgård ordnade sommaren 2013 en byvandring i &hellip; <a href="https://www.senneby-by.se/?page_id=83">Fortsätt läsa <span class="meta-nav">&rarr;</span></a></p>
