{"id":62,"date":"2012-07-16T18:31:14","date_gmt":"2012-07-16T17:31:14","guid":{"rendered":"http:\/\/www.senneby-by.se\/?page_id=62"},"modified":"2024-12-22T18:38:18","modified_gmt":"2024-12-22T17:38:18","slug":"1900-talet","status":"publish","type":"page","link":"https:\/\/www.senneby-by.se\/?page_id=62","title":{"rendered":"1900-talet"},"content":{"rendered":"<p><b>1900-talet i Senneby.<\/b><\/p>\n<p>Liksom i \u00f6vriga Sverige har de hundra \u00e5ren mellan 1900 och 2000 i Senneby medf\u00f6rt\u00a0\u00a0en\u00a0\u00a0sm\u00e4rre revolution n\u00e4r det g\u00e4ller m\u00e4nniskors standard och f\u00f6ruts\u00e4ttningar.Sverige har under de 100 \u00e5ren g\u00e5tt fr\u00e5n ett agrart U-land till ett industriland och ett tekniskt avancerat samh\u00e4lle. Urbaniseringen har medf\u00f6rt att endast en liten del av svenskarna \u00e5r 2000 bor p\u00e5 ren landsbygd och har sin f\u00f6rs\u00f6rjning d\u00e4r. Det var tv\u00e4rtom \u00e5r 1900. \u00a0I Senneby har det bl. a. betytt att jordbruket g\u00e5tt fr\u00e5n sm\u00e5bruk till \u201dstorbruk\u201d och Sennebyborna fr\u00e5n sj\u00e4lvhush\u00e5llning till h\u00f6g grad av penninghush\u00e5llning. F\u00f6r\u00e4ndringen skedde naturligtvis inte \u00f6ver en dag och man kan peka ut vissa avg\u00f6rande h\u00e4ndelser som kom att f\u00e5 stor\u00a0betydelse f\u00f6r utvecklingen och livet i Senneby.<\/p>\n<p>Elektriciteten kom till Senneby 1924 och telefonen n\u00e5got \u00e5r senare. P\u00e5 1940-talet blev radion allm\u00e4n egendom. Detta gjorde att livet i Senneby blev ljusare och l\u00e4ttare och byn kom n\u00e4rmre den \u00f6vriga v\u00e4rlden. Elmotorer kom att driva vedkapen, vattenpumpen, tr\u00f6skverket, h\u00f6- och halmbl\u00e5sning (injektorn) och mj\u00f6lkmaskinen som kom till byn 1940. Andelsmejeriet i Elmsta, dit Sennebyb\u00f6nderna turades om att k\u00f6ra mj\u00f6lken medf\u00f6rde att man kunde f\u00e5 betalt f\u00f6r sin mj\u00f6lk i st\u00f6rre omfattning \u00e4n tidigare. Mot slutet av 40-talet h\u00e4mtades mj\u00f6lken med bil till Elmsta. Tio \u00e5r senare var mejeriverksamheten centraliserat till Norrt\u00e4lje. I dag transporteras mj\u00f6lken i tankbil till Stockholm. F\u00f6r hush\u00e5llen kom, med b\u00f6rjan i slutet av 1940-talet, dammsugaren, kylsk\u00e5pen och frysboxen liksom elspisen och tv\u00e4ttmaskinen att f\u00e5 avg\u00f6rande betydelse.\u00a0 I byn byggdes p\u00e5 Gunhild Johanssons initiativ en andelstv\u00e4ttstuga vid branddammen mitt i byn. (Se s\u00e4rskild artikel om Gunhild).<\/p>\n<p>I slutet av 1800-talet hade mekaniseringen av jordbruket tagit sin b\u00f6rjan. F\u00f6r s\u00e5dd och sk\u00f6rd kom s\u00e5maskinen, sl\u00e5ttermaskinen, och enkelt tr\u00f6skverk att ers\u00e4tta \u201dmankraft\u201d med \u201dh\u00e4stkraft\u201d, senare kom sj\u00e4lvbindaren att f\u00e5 samma effekt. Den st\u00f6rsta av jordbrukets maskinella landvinningar var \u201dtraktoriseringen\u201d, i Senneby b\u00f6rjade den 1949. Den bogserade sk\u00f6rdetr\u00f6skan kom d\u00e5 snart att ers\u00e4tta sj\u00e4lvbindaren. P\u00e5 1970-talet b\u00f6rjade den ers\u00e4ttas den av den sj\u00e4lvg\u00e5ende sk\u00f6rdetr\u00f6skan. Att traktorn kom medf\u00f6rde att behovet av arbetsh\u00e4star inte l\u00e4ngre fanns. De kom att f\u00f6rsvinna under 60-talet och anv\u00e4ndes mot slutet mest f\u00f6r k\u00f6rning i samband med skogsarbete d\u00e4r motors\u00e5gens intr\u00e4de i slutet av 40-talet kom att f\u00e5 stor betydelse. De h\u00e4star som fanns kvar blev lite av \u201dprydnads-h\u00e4star\u201d.<\/p>\n<p>1948 tvingades fyra g\u00e5rdar i Senneby att s\u00e4lja n\u00e4stan h\u00e4lften av sin skogsmark till Kronan. Den befintliga skjutskolan, Yttersk\u00e4r, med gr\u00e4ns mot Senneby var i stort behov av att ut\u00f6ka sitt \u00f6vningsomr\u00e5de fram till Karviken.Fr\u00e5n slutet av 1950-talet b\u00f6rjade g\u00e5rdarnas jord- och skogsarealer sl\u00e5s ihop till st\u00f6rre enheter, mang\u00e5rdstomter styckades av till fritidsboende och den bofasta befolkningen i byn kom att minska. P\u00e5 60-talet styckades markomr\u00e5den av f\u00f6r fritidsbebyggelse i Senneby Nor och Senneby Haken. Dessutom styckades ett mindre antal enskilda tomter av och bebyggdes.<\/p>\n<p>I slutet av 1940-talet blev byv\u00e4gen halvf\u00f6rstatligad vilket innebar att alla fastigheter med utfart p\u00e5 v\u00e4gen blev \u00e5lagda att deltaga i underh\u00e5llet. Tidigare var endast b\u00f6nderna v\u00e4gansvariga. (Se s\u00e4rskild v\u00e4gartikel). I slutet i 1920-talet skaffade sig n\u00e5gra Sennebybor bil och p\u00e5 30-talet fanns fyra bilar i byn. P\u00e5 50-talet kom bilen att bli ett vanligt inslag i Senneby.<\/p>\n<p>Man kan helt klart konstatera att det \u00e4r \u00e5rtiondet efter 2: a v\u00e4rldskriget som \u00e4r den st\u00f6rsta f\u00f6r\u00e4ndringsperioden i Senneby under 1900-talet, kanske genom alla tider, m\u00f6jligen \u00f6vertr\u00e4ffat av laga skiftets f\u00f6rr\u00e4ttning p\u00e5 1840-talet.<\/p>\n<p><span style=\"text-decoration: underline;\">Inlagt material \u00e4r:\u00a0\u00a0 <\/span><\/p>\n<ul>\n<li><strong>Namn p\u00e5 st\u00e4llen, g\u00e5rdar etc. s\u00e5 som de kallades mellan \u00e5ren <span style=\"text-decoration: underline;\">1900-1950, <\/span>inklusive karta.<\/strong>\n<ul>\n<li><strong><a href=\"http:\/\/www.senneby-by.se\/wp-content\/uploads\/2014\/06\/Karta-Senneby-Del-1-1900-tal.pdf\">Del 1 Byk\u00e4rnan<\/a><\/strong><\/li>\n<li><strong><a href=\"http:\/\/www.senneby-by.se\/wp-content\/uploads\/2014\/06\/Karta-Senneby-Del-2-1900-tal.pdf\">Del 2 Bystaden<\/a>\u00a0<\/strong><\/li>\n<\/ul>\n<\/li>\n<li><strong>Namn p\u00e5 st\u00e4llen, g\u00e5rdar etc. s\u00e5 som de kallades runt <span style=\"text-decoration: underline;\">1960-1970 talet, <\/span>inklusive karta<\/strong>\n<ul>\n<li><strong><a href=\"http:\/\/www.senneby-by.se\/wp-content\/uploads\/2013\/11\/Karta-2013-Avsnitt-1.pdf\">Avsnitt 1 Fr\u00e5n S\u00f6dersund till Alv\u00e9ns kurva<\/a><\/strong><\/li>\n<li><strong><a href=\"http:\/\/www.senneby-by.se\/wp-content\/uploads\/2014\/06\/Avsnitt-2-Vad-st\u00e4llen-kallades-60-70-tal.pdf\">Avsnitt 2 Byk\u00e4rnan<\/a><\/strong><\/li>\n<li><strong><a href=\"http:\/\/www.senneby-by.se\/wp-content\/uploads\/2014\/11\/Avsnitt3-Tr\u00e4sket-och-Sand.pdf\">Avsnitt 3 Tr\u00e4sket och Sand<\/a><\/strong><\/li>\n<\/ul>\n<\/li>\n<li><strong><a href=\"http:\/\/www.senneby-by.se\/wp-content\/uploads\/2013\/03\/Postg\u00e5ngen-till-Senneby-med-bild.pdf\">\u00a0<\/a><a href=\"http:\/\/www.senneby-by.se\/wp-content\/uploads\/2013\/12\/Postg\u00e5ngen-till-Senneby-25-nov.pdf\">Postg\u00e5ngen till Senneby<\/a><\/strong><\/li>\n<li><strong><a href=\"http:\/\/www.senneby-by.se\/wp-content\/uploads\/2013\/11\/S\u00f6ndagsskolan-i-Senneby.pdf\">S\u00f6ndagsskolan i Senneby<\/a> <\/strong><strong><a href=\"http:\/\/www.senneby-by.se\/wp-content\/uploads\/2014\/09\/Alv\u00e9ns-pensionat-i-Sandviken-140901.pdf\">Alv\u00e9ns pensionat i Sandviken<\/a>.\u00a0<a href=\"http:\/\/www.senneby-by.se\/wp-content\/uploads\/2014\/09\/Sportstuga-1934-exempel.pdf\">Bilaga: Sportstuga 1934<\/a><\/strong><\/li>\n<li><strong><a href=\"http:\/\/www.senneby-by.se\/wp-content\/uploads\/2015\/07\/Skjutbanan-i-Senneby-ver-2.docx.pdf\">Skjutbanan i Senneby<\/a><\/strong><\/li>\n<li><strong><a href=\"http:\/\/www.senneby-by.se\/wp-content\/uploads\/2017\/11\/Skolg\u00e5ngen-i-Senneby-inklusive-kort-betyd-etc.pdf\">Skolg\u00e5ngen i Senneby<\/a><\/strong><\/li>\n<li><strong><a href=\"http:\/\/www.senneby-by.se\/wp-content\/uploads\/2013\/04\/Sennebyv\u00e4gen-1946-2005.-Skriven-av-Thure-Herbertsson.pdf\">V\u00e4gf\u00f6reningen 1947-2005<\/a><\/strong><\/li>\n<li><strong><a href=\"http:\/\/www.senneby-by.se\/wp-content\/uploads\/2015\/06\/Spruthuset-och-brandsprutan.-130314-.pdf\">Spruthuset och brandsprutan<\/a><a href=\"http:\/\/www.senneby-by.se\/wp-content\/uploads\/2013\/03\/Spruthuset-och-brandsprutan-130314-.pdf\">\u00a0<\/a><\/strong><\/li>\n<li><strong><a href=\"http:\/\/www.senneby-by.se\/wp-content\/uploads\/2017\/03\/Hur-k\u00f6ptes-f\u00f6rn\u00f6denheter-p\u00e5-1950-talet-ver-4.pdf\">Hur k\u00f6ptes f\u00f6rn\u00f6denheter och tj\u00e4nster mellan 1950-1970<\/a><\/strong><\/li>\n<li><strong><a href=\"http:\/\/www.senneby-by.se\/wp-content\/uploads\/2015\/06\/Bebyggelseinventering-1970.pdf\">Bebyggelseinventering 1979 p\u00e5 uppdrag av landsantikvarien<\/a><\/strong><\/li>\n<li><strong><a href=\"http:\/\/www.senneby-by.se\/wp-content\/uploads\/2017\/04\/Sennebys-torrl\u00e4ggningsf\u00f6retag-170412.pdf\">Torrl\u00e4ggningsf\u00f6retag \u00f6ver Sennebys odlings-och v\u00e5tmarker samt tillkomsten av Myrsj\u00f6n<\/a><\/strong><\/li>\n<li><strong><a href=\"http:\/\/www.senneby-by.se\/wp-content\/uploads\/2018\/02\/Stenstolpar-i-landskapet-180225.pdf\">Stenstolpar i landskapet<\/a><\/strong><\/li>\n<li><strong><a href=\"http:\/\/www.senneby-by.se\/wp-content\/uploads\/2013\/11\/Sommarliv-i-Kasen.nov-2013-docx.pdf\">Sommarliv i Senneby, Siv Bergqist<\/a><\/strong><\/li>\n<li><strong><a href=\"http:\/\/www.senneby-by.se\/wp-content\/uploads\/2013\/11\/Sommarg\u00e4st-i-Senneby.pdf\">Sommarg\u00e4st i Senneby, Bertil Malmf\u00e4lt<\/a><\/strong><\/li>\n<li><strong><a href=\"http:\/\/www.senneby-by.se\/wp-content\/uploads\/2017\/11\/OM-LIN-rev1711.docx\">Linodling<\/a>\u00a0<\/strong><\/li>\n<li><strong><a href=\"http:\/\/www.senneby-by.se\/wp-content\/uploads\/2013\/05\/Ekoligisk-odling-.pdf\">Ekologisk odling<\/a><\/strong><\/li>\n<li><strong><a href=\"http:\/\/www.senneby-by.se\/wp-content\/uploads\/2019\/10\/Om-fisket-p\u00e5-Sennebys-vatten-1.pdf\">Om fisket p\u00e5 Sennebys vatten<\/a><\/strong><\/li>\n<li><a href=\"http:\/\/www.senneby-by.se\/wp-content\/uploads\/2023\/07\/Sagner-forknippade-med-grottorna-i-Kasberget.pdf\"><strong>S\u00e4gner f\u00f6rknippade med grottorna i Kasberget<\/strong><\/a><\/li>\n<li><strong><a href=\"http:\/\/www.senneby-by.se\/wp-content\/uploads\/2023\/07\/Andelstvattstugan-i-Senneby-Mae.pdf\">Andelstv\u00e4ttstugan i Senneby\u00a0<\/a><\/strong><\/li>\n<\/ul>\n<p><strong><span style=\"text-decoration: underline;\"><em>Speciella Sennebybor<\/em><\/span><\/strong><\/p>\n<ul>\n<li><a href=\"http:\/\/www.senneby-by.se\/wp-content\/uploads\/2013\/04\/Tusenkonstn\u00e4ren-Erik-Boman.-Skriven-av-Lennart-Gullberg.pdf\">&#8221;<strong>Tusenkonstn\u00e4ren Erik Boman&#8221; 1824-1903, Lennart Gullberg<\/strong><\/a><\/li>\n<li><strong><a href=\"http:\/\/www.senneby-by.se\/wp-content\/uploads\/2012\/12\/Konstn\u00e4rsparet-27-nov.pdf\">Konstn\u00e4rsparet Eugen och Maja<\/a><\/strong><\/li>\n<li><strong><a href=\"http:\/\/www.senneby-by.se\/wp-content\/uploads\/2014\/04\/Georg-Karlsson-och-hans-lanthandel.pdf\">1.Georg Karlsson och hans lanthandel<\/a>.\u00a0<a href=\"http:\/\/www.senneby-by.se\/wp-content\/uploads\/2014\/05\/Gammal-i-Sverige.pdf\">2. Intervju med Frida och Georg Karlsson, Gunilla Ingels<\/a><\/strong><\/li>\n<li><strong><a href=\"http:\/\/www.senneby-by.se\/wp-content\/uploads\/2014\/03\/Gunhild-Johansson.3.pdf\">Gunhild Johansson f\u00f6dd Swedenborg &#8211; en personlighet i Senneby<\/a><\/strong><\/li>\n<li><strong><a href=\"http:\/\/www.senneby-by.se\/wp-content\/uploads\/2013\/11\/Hantverkare-i-byn.pdf\">Hantverkaren Viktor Pettersson<\/a><\/strong><\/li>\n<li><strong><a href=\"http:\/\/www.senneby-by.se\/wp-content\/uploads\/2016\/06\/Skeppar-Johansson-med-kort-p\u00e5-m\u00e5lade-b\u00e5tar.pdf\">Skeppar Johansson<\/a><\/strong><\/li>\n<li><strong><a href=\"http:\/\/www.senneby-by.se\/wp-content\/uploads\/2014\/04\/josefina-olsdotter-Dokument.pdf\">Katarina Josefina Olsdotter &#8221;Kas-Fina&#8221;- ett kvinno\u00f6de fr\u00e5n 1860-talet<\/a>, Lars Erik Norlin<\/strong><\/li>\n<li><strong><a href=\"http:\/\/www.senneby-by.se\/wp-content\/uploads\/2019\/07\/En-V\u00e4dd\u00f6stj\u00e4rna-i-b\u00f6rjan-av-1900-talet.pdf\">En V\u00e4dd\u00f6stj\u00e4rna i b\u00f6rjan av 1900-talet, Hans-\u00c5ke Sperne<\/a><\/strong><\/li>\n<li><a href=\"http:\/\/www.senneby-by.se\/wp-content\/uploads\/2023\/07\/Berattelse-om-Ragnar-en-smabonde-pa-30-talet.pdf\"><strong>Ber\u00e4ttelse om Ragnar- en sm\u00e5bonde p\u00e5 30 talet<\/strong><\/a><strong>\u00a0<\/strong><\/li>\n<li><a href=\"http:\/\/www.senneby-by.se\/wp-content\/uploads\/2024\/12\/Thure.pdf\"><strong>Thure<\/strong><\/a> <a href=\"http:\/\/www.senneby-by.se\/wp-content\/uploads\/2024\/12\/Thure.pdf\"><strong>Herbertsson<\/strong>,<\/a> <strong>en vetgirig , nyfiken vision\u00e4r<\/strong><\/li>\n<\/ul>\n","protected":false},"excerpt":{"rendered":"<p>1900-talet i Senneby. Liksom i \u00f6vriga Sverige har de hundra \u00e5ren mellan 1900 och 2000 i Senneby medf\u00f6rt\u00a0\u00a0en\u00a0\u00a0sm\u00e4rre revolution n\u00e4r det g\u00e4ller m\u00e4nniskors standard och f\u00f6ruts\u00e4ttningar.Sverige har under de 100 \u00e5ren g\u00e5tt fr\u00e5n ett agrart U-land till ett industriland och &hellip; <a href=\"https:\/\/www.senneby-by.se\/?page_id=62\">Forts\u00e4tt l\u00e4sa <span class=\"meta-nav\">&rarr;<\/span><\/a><\/p>\n","protected":false},"author":1,"featured_media":0,"parent":1085,"menu_order":2,"comment_status":"closed","ping_status":"closed","template":"","meta":[],"_links":{"self":[{"href":"https:\/\/www.senneby-by.se\/index.php?rest_route=\/wp\/v2\/pages\/62"}],"collection":[{"href":"https:\/\/www.senneby-by.se\/index.php?rest_route=\/wp\/v2\/pages"}],"about":[{"href":"https:\/\/www.senneby-by.se\/index.php?rest_route=\/wp\/v2\/types\/page"}],"author":[{"embeddable":true,"href":"https:\/\/www.senneby-by.se\/index.php?rest_route=\/wp\/v2\/users\/1"}],"replies":[{"embeddable":true,"href":"https:\/\/www.senneby-by.se\/index.php?rest_route=%2Fwp%2Fv2%2Fcomments&post=62"}],"version-history":[{"count":160,"href":"https:\/\/www.senneby-by.se\/index.php?rest_route=\/wp\/v2\/pages\/62\/revisions"}],"predecessor-version":[{"id":1914,"href":"https:\/\/www.senneby-by.se\/index.php?rest_route=\/wp\/v2\/pages\/62\/revisions\/1914"}],"up":[{"embeddable":true,"href":"https:\/\/www.senneby-by.se\/index.php?rest_route=\/wp\/v2\/pages\/1085"}],"wp:attachment":[{"href":"https:\/\/www.senneby-by.se\/index.php?rest_route=%2Fwp%2Fv2%2Fmedia&parent=62"}],"curies":[{"name":"wp","href":"https:\/\/api.w.org\/{rel}","templated":true}]}}