{"id":212,"date":"2012-11-11T11:12:52","date_gmt":"2012-11-11T10:12:52","guid":{"rendered":"http:\/\/www.senneby-by.se\/?page_id=212"},"modified":"2016-06-19T10:19:08","modified_gmt":"2016-06-19T09:19:08","slug":"handelsbod","status":"publish","type":"page","link":"https:\/\/www.senneby-by.se\/?page_id=212","title":{"rendered":"Vad har h\u00e4nt med ursprungsg\u00e5rdarna efter 1844"},"content":{"rendered":"<p>H\u00e4r presenteras\u00a0en ber\u00e4ttelsen\u00a0om\u00a0vad som h\u00e4nt med ursprungsg\u00e5rdarna efter 1844. Det \u00e4r en historisk resa genom Senneby fr\u00e5n laga skiftet fram till vad g\u00e5rdarna befinner sig idag.<\/p>\n<ul>\n<li><a href=\"http:\/\/www.senneby-by.se\/wp-content\/uploads\/2016\/06\/Ursprungsg\u00e5rdarna-DEl-3-justerad-f\u00f6r-att-bli-helhet-juni-16.pdf\">Thure Herbertssons ber\u00e4ttelse &#8221;Vad har h\u00e4nt med ursprungsg\u00e5rdarna efter 1944&#8221;<\/a><\/li>\n<li>\u00a0Bilaga: <a href=\"http:\/\/www.senneby-by.se\/wp-content\/uploads\/2016\/02\/Motivering-till-angivna-G\u00e5rdsnamn.pdf\">Motivering till de angivna G\u00e5rdsnamnen<\/a><\/li>\n<\/ul>\n<p>&nbsp;<\/p>\n<p>&nbsp;<\/p>\n<p>&nbsp;<\/p>\n<p>&nbsp;<\/p>\n","protected":false},"excerpt":{"rendered":"<p>H\u00e4r presenteras\u00a0en ber\u00e4ttelsen\u00a0om\u00a0vad som h\u00e4nt med ursprungsg\u00e5rdarna efter 1844. Det \u00e4r en historisk resa genom Senneby fr\u00e5n laga skiftet fram till vad g\u00e5rdarna befinner sig idag. Thure Herbertssons ber\u00e4ttelse &#8221;Vad har h\u00e4nt med ursprungsg\u00e5rdarna efter 1944&#8221; \u00a0Bilaga: Motivering till de &hellip; <a href=\"https:\/\/www.senneby-by.se\/?page_id=212\">Forts\u00e4tt l\u00e4sa <span class=\"meta-nav\">&rarr;<\/span><\/a><\/p>\n","protected":false},"author":1,"featured_media":0,"parent":140,"menu_order":2,"comment_status":"closed","ping_status":"closed","template":"","meta":[],"_links":{"self":[{"href":"https:\/\/www.senneby-by.se\/index.php?rest_route=\/wp\/v2\/pages\/212"}],"collection":[{"href":"https:\/\/www.senneby-by.se\/index.php?rest_route=\/wp\/v2\/pages"}],"about":[{"href":"https:\/\/www.senneby-by.se\/index.php?rest_route=\/wp\/v2\/types\/page"}],"author":[{"embeddable":true,"href":"https:\/\/www.senneby-by.se\/index.php?rest_route=\/wp\/v2\/users\/1"}],"replies":[{"embeddable":true,"href":"https:\/\/www.senneby-by.se\/index.php?rest_route=%2Fwp%2Fv2%2Fcomments&post=212"}],"version-history":[{"count":22,"href":"https:\/\/www.senneby-by.se\/index.php?rest_route=\/wp\/v2\/pages\/212\/revisions"}],"predecessor-version":[{"id":1274,"href":"https:\/\/www.senneby-by.se\/index.php?rest_route=\/wp\/v2\/pages\/212\/revisions\/1274"}],"up":[{"embeddable":true,"href":"https:\/\/www.senneby-by.se\/index.php?rest_route=\/wp\/v2\/pages\/140"}],"wp:attachment":[{"href":"https:\/\/www.senneby-by.se\/index.php?rest_route=%2Fwp%2Fv2%2Fmedia&parent=212"}],"curies":[{"name":"wp","href":"https:\/\/api.w.org\/{rel}","templated":true}]}}