{"id":208,"date":"2012-11-11T11:11:43","date_gmt":"2012-11-11T10:11:43","guid":{"rendered":"http:\/\/www.senneby-by.se\/?page_id=208"},"modified":"2023-07-02T13:31:37","modified_gmt":"2023-07-02T11:31:37","slug":"berattelser-om-sju-ursprungsgardar","status":"publish","type":"page","link":"https:\/\/www.senneby-by.se\/?page_id=208","title":{"rendered":"De sju ursprungsg\u00e5rdarna"},"content":{"rendered":"<p>Under 1600-talet utgjordes byn av sju g\u00e5rdar lokaliserade inom samma omr\u00e5de som den nuvarande byk\u00e4rnan. Efter ryssbr\u00e4nningarna 1719 byggdes husen upp igen p\u00e5 samma platser som tidigare. Varje g\u00e5rd hade d\u00e5 sin egen tomt men den brukbara marken i byn var till en b\u00f6rjan gemensam, senare uppdelad i m\u00e5nga skiften med stor spridning f\u00f6r varje g\u00e5rd.<\/p>\n<p>G\u00e5rdarna var fr\u00e5n b\u00f6rjan namngivna efter placering i byn, Norrg\u00e5rden, S\u00f6derg\u00e5rden etc., men senare ersattes en del av g\u00e5rdsnamnen med mer personanknutna s\u00e5dana. Kvar blev bara de tv\u00e5 ovan n\u00e4mnda men antalet hemman var fortfarande sju, som framg\u00e5r av skissen nedan.<\/p>\n<p>I samband med laga skifte som myndigheterna p\u00e5bj\u00f6d 1827 h\u00e4nde det ofta att byar splittrades upp. Varje hemman skulle ju ha sammanh\u00e5llna markarealer f\u00f6r att underl\u00e4tta brukandet och d\u00e5 placerades g\u00e5rdsbyggnaderna oftast ut p\u00e5 sina nya sammanh\u00e5llna marker. S\u00e5 skedde delvis i Senneby men som \u00e4nd\u00e5 beh\u00f6ll sin pr\u00e4gel av byk\u00e4rna med \u00e4gor runt om.<\/p>\n<p>N\u00e4r laga skifte genomf\u00f6rdes i byn p\u00e5 1840-talet var det totala antalet mantals\u00e4gare i byn fjorton stycken. F\u00f6rutom sammanl\u00e4ggningen av de m\u00e5nga skiftena ville lantm\u00e4taren d\u00e5 \u00e5terg\u00e5 till sju g\u00e5rdar och sju \u00e4gare. Bland annat f\u00f6r att reducera antal n\u00e4rliggande hus som innebar stora risker vid en eventuell brand. Men det var till priset av att h\u00e4lften av del\u00e4garna med familjer m\u00e5ste flytta ut fr\u00e5n byk\u00e4rnan, vilket inte skedde frivilligt. Samtidigt utvidgades byn med lika m\u00e5nga fastigheter utanf\u00f6r byk\u00e4rnan<strong>.<\/strong><\/p>\n<p><a href=\"http:\/\/www.senneby-by.se\/wp-content\/uploads\/2012\/11\/hemsidan.jpg\"><img decoding=\"async\" loading=\"lazy\" class=\"size-full wp-image-404 aligncenter\" src=\"http:\/\/www.senneby-by.se\/wp-content\/uploads\/2012\/11\/hemsidan.jpg\" alt=\"hemsidan\" width=\"800\" height=\"549\" srcset=\"https:\/\/www.senneby-by.se\/wp-content\/uploads\/2012\/11\/hemsidan.jpg 800w, https:\/\/www.senneby-by.se\/wp-content\/uploads\/2012\/11\/hemsidan-300x205.jpg 300w, https:\/\/www.senneby-by.se\/wp-content\/uploads\/2012\/11\/hemsidan-437x300.jpg 437w\" sizes=\"(max-width: 800px) 100vw, 800px\" \/><\/a><\/p>\n<p>Mer om g\u00e5rdarnas ursprung och laga skiftet\u00a0finns under fliken \u201d<strong>1800 tal och tidigare<\/strong>\u201d.<\/p>\n<p>Mer om \u00e4ldre kartor\u00a0finns under fliken \u201d<strong>Kartor\/\u00f6versiktbild<\/strong>\u201d<\/p>\n<p>Ber\u00e4ttelserna om respektive g\u00e5rd har skrivits av de personer som idag \u00e4ger eller \u00f6vrigt har anknytning till g\u00e5rdarna.<\/p>\n<p><span style=\"text-decoration: underline;\">L\u00e4nk till ber\u00e4ttelserna:<\/span><\/p>\n<ul>\n<li><a href=\"http:\/\/www.senneby-by.se\/wp-content\/uploads\/2016\/09\/Beskrivning-Norrg\u00e5rden-rev-1609.pdf\">Norrg\u00e5rden nr 1<\/a><\/li>\n<li><a href=\"http:\/\/www.senneby-by.se\/wp-content\/uploads\/2014\/07\/Senneby-2-5-Niklas-hus-1.pdf\">Staffansg\u00e5rden \u00e4ven \u00d6sterg\u00e5rden nr 2<\/a><\/li>\n<li><a href=\"http:\/\/www.senneby-by.se\/wp-content\/uploads\/2014\/11\/Anders-Jansg\u00e5rden.pdf\">Anders Jansg\u00e5rden nr 3<\/a><\/li>\n<li><a href=\"http:\/\/www.senneby-by.se\/wp-content\/uploads\/2013\/12\/S\u00f6derg\u00e5rden-Senneby-4-8-den-14-maj-2013.pdf\">S\u00f6derg\u00e5rden<\/a>\u00a0nr 4<\/li>\n<li><a href=\"http:\/\/www.senneby-by.se\/wp-content\/uploads\/2015\/03\/En-ber\u00e4ttelse-om-Wiktor-Jansg\u00e5rden-vers-2.pdf\">Olof Thomsg\u00e5rden nr 5<\/a><\/li>\n<li><a href=\"http:\/\/www.senneby-by.se\/wp-content\/uploads\/2013\/04\/Skr\u00e4ddarg\u00e5rden.pdf\">Skr\u00e4ddarg\u00e5rden \u00e4ven V\u00e4sterg\u00e5rden nr 6<\/a><\/li>\n<li><a href=\"http:\/\/www.senneby-by.se\/wp-content\/uploads\/2023\/07\/Isaksgarden.pdf\">Isaksg\u00e5rden nr7<\/a><\/li>\n<\/ul>\n<p>Vill du l\u00e4mna upplysningar eller synpunkter m.m. klicka\u00a0p\u00e5 &#8221;Leave a replay&#8221; l\u00e4ngst ner p\u00e5 f\u00f6rsta sidan.<\/p>\n","protected":false},"excerpt":{"rendered":"<p>Under 1600-talet utgjordes byn av sju g\u00e5rdar lokaliserade inom samma omr\u00e5de som den nuvarande byk\u00e4rnan. Efter ryssbr\u00e4nningarna 1719 byggdes husen upp igen p\u00e5 samma platser som tidigare. Varje g\u00e5rd hade d\u00e5 sin egen tomt men den brukbara marken i byn &hellip; <a href=\"https:\/\/www.senneby-by.se\/?page_id=208\">Forts\u00e4tt l\u00e4sa <span class=\"meta-nav\">&rarr;<\/span><\/a><\/p>\n","protected":false},"author":1,"featured_media":0,"parent":140,"menu_order":1,"comment_status":"closed","ping_status":"closed","template":"","meta":[],"_links":{"self":[{"href":"https:\/\/www.senneby-by.se\/index.php?rest_route=\/wp\/v2\/pages\/208"}],"collection":[{"href":"https:\/\/www.senneby-by.se\/index.php?rest_route=\/wp\/v2\/pages"}],"about":[{"href":"https:\/\/www.senneby-by.se\/index.php?rest_route=\/wp\/v2\/types\/page"}],"author":[{"embeddable":true,"href":"https:\/\/www.senneby-by.se\/index.php?rest_route=\/wp\/v2\/users\/1"}],"replies":[{"embeddable":true,"href":"https:\/\/www.senneby-by.se\/index.php?rest_route=%2Fwp%2Fv2%2Fcomments&post=208"}],"version-history":[{"count":38,"href":"https:\/\/www.senneby-by.se\/index.php?rest_route=\/wp\/v2\/pages\/208\/revisions"}],"predecessor-version":[{"id":1845,"href":"https:\/\/www.senneby-by.se\/index.php?rest_route=\/wp\/v2\/pages\/208\/revisions\/1845"}],"up":[{"embeddable":true,"href":"https:\/\/www.senneby-by.se\/index.php?rest_route=\/wp\/v2\/pages\/140"}],"wp:attachment":[{"href":"https:\/\/www.senneby-by.se\/index.php?rest_route=%2Fwp%2Fv2%2Fmedia&parent=208"}],"curies":[{"name":"wp","href":"https:\/\/api.w.org\/{rel}","templated":true}]}}