{"id":1187,"date":"2016-03-06T15:27:13","date_gmt":"2016-03-06T14:27:13","guid":{"rendered":"http:\/\/www.senneby-by.se\/?page_id=1187"},"modified":"2018-02-18T12:36:50","modified_gmt":"2018-02-18T11:36:50","slug":"kort-fran-album","status":"publish","type":"page","link":"https:\/\/www.senneby-by.se\/?page_id=1187","title":{"rendered":"Kort fr\u00e5n album"},"content":{"rendered":"<p>H\u00e4r finns kort\u00a0som arbetsgruppen samlat ihop fr\u00e5n olika album. Dels finns ett &#8221;Byalbum&#8221; med diverse kort som har l\u00e4mnats fr\u00e5n byinnev\u00e5nare\u00a0f\u00f6r att\u00a0finnas i byalbumet samt de\u00a0som arbetsgruppen\u00a0samlat ihop\u00a0 i\u00a0&#8221;Samlade kort fr\u00e5n\u00a0\u00f6vriga album&#8221;.<\/p>\n<ul>\n<li><a href=\"http:\/\/www.senneby-by.se\/wp-content\/uploads\/2016\/05\/\u00c4ldre-kort-fr\u00e5n-Byalbum.pdf\">\u00c4ldre kort fr\u00e5n Byalbum<\/a><\/li>\n<li><a href=\"http:\/\/www.senneby-by.se\/wp-content\/uploads\/2016\/05\/Samlade-kort-fr\u00e5n-\u00f6vriga-album.pdf\">Samlade kort fr\u00e5n andra album<\/a><\/li>\n<\/ul>\n<p>Vissa \u00e4ldre vykort finns \u00e4ven i dokumentet &#8221;Hur k\u00f6ptes f\u00f6rn\u00f6denheter och tj\u00e4nster mellan 1950-1970&#8221;. Finns under &#8221;Historia&#8221; och &#8221;1900-talet&#8221;.<\/p>\n","protected":false},"excerpt":{"rendered":"<p>H\u00e4r finns kort\u00a0som arbetsgruppen samlat ihop fr\u00e5n olika album. Dels finns ett &#8221;Byalbum&#8221; med diverse kort som har l\u00e4mnats fr\u00e5n byinnev\u00e5nare\u00a0f\u00f6r att\u00a0finnas i byalbumet samt de\u00a0som arbetsgruppen\u00a0samlat ihop\u00a0 i\u00a0&#8221;Samlade kort fr\u00e5n\u00a0\u00f6vriga album&#8221;. \u00c4ldre kort fr\u00e5n Byalbum Samlade kort fr\u00e5n andra &hellip; <a href=\"https:\/\/www.senneby-by.se\/?page_id=1187\">Forts\u00e4tt l\u00e4sa <span class=\"meta-nav\">&rarr;<\/span><\/a><\/p>\n","protected":false},"author":1,"featured_media":0,"parent":64,"menu_order":1,"comment_status":"closed","ping_status":"closed","template":"","meta":[],"_links":{"self":[{"href":"https:\/\/www.senneby-by.se\/index.php?rest_route=\/wp\/v2\/pages\/1187"}],"collection":[{"href":"https:\/\/www.senneby-by.se\/index.php?rest_route=\/wp\/v2\/pages"}],"about":[{"href":"https:\/\/www.senneby-by.se\/index.php?rest_route=\/wp\/v2\/types\/page"}],"author":[{"embeddable":true,"href":"https:\/\/www.senneby-by.se\/index.php?rest_route=\/wp\/v2\/users\/1"}],"replies":[{"embeddable":true,"href":"https:\/\/www.senneby-by.se\/index.php?rest_route=%2Fwp%2Fv2%2Fcomments&post=1187"}],"version-history":[{"count":12,"href":"https:\/\/www.senneby-by.se\/index.php?rest_route=\/wp\/v2\/pages\/1187\/revisions"}],"predecessor-version":[{"id":1821,"href":"https:\/\/www.senneby-by.se\/index.php?rest_route=\/wp\/v2\/pages\/1187\/revisions\/1821"}],"up":[{"embeddable":true,"href":"https:\/\/www.senneby-by.se\/index.php?rest_route=\/wp\/v2\/pages\/64"}],"wp:attachment":[{"href":"https:\/\/www.senneby-by.se\/index.php?rest_route=%2Fwp%2Fv2%2Fmedia&parent=1187"}],"curies":[{"name":"wp","href":"https:\/\/api.w.org\/{rel}","templated":true}]}}

Kort från album

<p>Här finns kort som arbetsgruppen samlat ihop från olika album. Dels finns ett &#8221;Byalbum&#8221; med diverse kort som har lämnats från byinnevånare för att finnas i byalbumet samt de som arbetsgruppen samlat ihop  i &#8221;Samlade kort från övriga album&#8221;.</p>
<ul>
<li><a href="http://www.senneby-by.se/wp-content/uploads/2016/05/Äldre-kort-från-Byalbum.pdf">Äldre kort från Byalbum</a></li>
<li><a href="http://www.senneby-by.se/wp-content/uploads/2016/05/Samlade-kort-från-övriga-album.pdf">Samlade kort från andra album</a></li>
</ul>
<p>Vissa äldre vykort finns även i dokumentet &#8221;Hur köptes förnödenheter och tjänster mellan 1950-1970&#8221;. Finns under &#8221;Historia&#8221; och &#8221;1900-talet&#8221;.</p>

<p>Här finns kort som arbetsgruppen samlat ihop från olika album. Dels finns ett &#8221;Byalbum&#8221; med diverse kort som har lämnats från byinnevånare för att finnas i byalbumet samt de som arbetsgruppen samlat ihop  i &#8221;Samlade kort från övriga album&#8221;. Äldre kort från Byalbum Samlade kort från andra &hellip; <a href="https://www.senneby-by.se/?page_id=1187">Fortsätt läsa <span class="meta-nav">&rarr;</span></a></p>
