{"id":1470,"date":"2017-10-25T14:59:39","date_gmt":"2017-10-25T13:59:39","guid":{"rendered":"http:\/\/www.senneby-by.se\/wp-content\/uploads\/2017\/10\/H\u00e4ver\u00f6sund.jpg"},"modified":"2018-02-18T14:24:02","modified_gmt":"2018-02-18T13:24:02","slug":"haverosund","status":"inherit","type":"attachment","link":"https:\/\/www.senneby-by.se\/?attachment_id=1470","title":{"rendered":"H\u00e4ver\u00f6sund"},"author":1,"comment_status":"open","ping_status":"closed","template":"","meta":[],"description":{"rendered":"<p class=\"attachment\"><a href='https:\/\/www.senneby-by.se\/wp-content\/uploads\/2017\/10\/H\u00e4ver\u00f6sund.jpg'><img width=\"300\" height=\"189\" src=\"https:\/\/www.senneby-by.se\/wp-content\/uploads\/2017\/10\/H\u00e4ver\u00f6sund-300x189.jpg\" class=\"attachment-medium size-medium\" alt=\"\" decoding=\"async\" loading=\"lazy\" srcset=\"https:\/\/www.senneby-by.se\/wp-content\/uploads\/2017\/10\/H\u00e4ver\u00f6sund-300x189.jpg 300w, https:\/\/www.senneby-by.se\/wp-content\/uploads\/2017\/10\/H\u00e4ver\u00f6sund-768x484.jpg 768w, https:\/\/www.senneby-by.se\/wp-content\/uploads\/2017\/10\/H\u00e4ver\u00f6sund-1024x645.jpg 1024w, https:\/\/www.senneby-by.se\/wp-content\/uploads\/2017\/10\/H\u00e4ver\u00f6sund-476x300.jpg 476w, https:\/\/www.senneby-by.se\/wp-content\/uploads\/2017\/10\/H\u00e4ver\u00f6sund.jpg 1612w\" sizes=\"(max-width: 300px) 100vw, 300px\" \/><\/a><\/p>\n"},"caption":{"rendered":"<p>F.d. H\u00e4ver\u00f6dal. Slutet av 1940-talet.L\u00e4ngst till v\u00e4nster, bio och  IOGT. Mittenhuset, f.d. mejeri. L\u00e4ngst till h\u00f6ger aff\u00e4r. <a href=\"https:\/\/www.senneby-by.se\/?attachment_id=1470\">Forts\u00e4tt l\u00e4sa <span class=\"meta-nav\">&rarr;<\/span><\/a><\/p>\n"},"alt_text":"","media_type":"image","mime_type":"image\/jpeg","media_details":{"width":1612,"height":1016,"file":"2017\/10\/H\u00e4ver\u00f6sund.jpg","sizes":{"thumbnail":{"file":"H\u00e4ver\u00f6sund-150x150.jpg","width":150,"height":150,"mime_type":"image\/jpeg","source_url":"https:\/\/www.senneby-by.se\/wp-content\/uploads\/2017\/10\/H\u00e4ver\u00f6sund-150x150.jpg"},"medium":{"file":"H\u00e4ver\u00f6sund-300x189.jpg","width":300,"height":189,"mime_type":"image\/jpeg","source_url":"https:\/\/www.senneby-by.se\/wp-content\/uploads\/2017\/10\/H\u00e4ver\u00f6sund-300x189.jpg"},"medium_large":{"file":"H\u00e4ver\u00f6sund-768x484.jpg","width":768,"height":484,"mime_type":"image\/jpeg","source_url":"https:\/\/www.senneby-by.se\/wp-content\/uploads\/2017\/10\/H\u00e4ver\u00f6sund-768x484.jpg"},"large":{"file":"H\u00e4ver\u00f6sund-1024x645.jpg","width":1024,"height":645,"mime_type":"image\/jpeg","source_url":"https:\/\/www.senneby-by.se\/wp-content\/uploads\/2017\/10\/H\u00e4ver\u00f6sund-1024x645.jpg"},"post-thumbnail":{"file":"H\u00e4ver\u00f6sund-1000x288.jpg","width":1000,"height":288,"mime_type":"image\/jpeg","source_url":"https:\/\/www.senneby-by.se\/wp-content\/uploads\/2017\/10\/H\u00e4ver\u00f6sund-1000x288.jpg"},"large-feature":{"file":"H\u00e4ver\u00f6sund-1000x288.jpg","width":1000,"height":288,"mime_type":"image\/jpeg","source_url":"https:\/\/www.senneby-by.se\/wp-content\/uploads\/2017\/10\/H\u00e4ver\u00f6sund-1000x288.jpg"},"small-feature":{"file":"H\u00e4ver\u00f6sund-476x300.jpg","width":476,"height":300,"mime_type":"image\/jpeg","source_url":"https:\/\/www.senneby-by.se\/wp-content\/uploads\/2017\/10\/H\u00e4ver\u00f6sund-476x300.jpg"},"full":{"file":"H\u00e4ver\u00f6sund.jpg","width":1612,"height":1016,"mime_type":"image\/jpeg","source_url":"https:\/\/www.senneby-by.se\/wp-content\/uploads\/2017\/10\/H\u00e4ver\u00f6sund.jpg"}},"image_meta":{"aperture":"0","credit":"","camera":"CanoScan LiDE 700F","caption":"","created_timestamp":"1503590996","copyright":"","focal_length":"0","iso":"0","shutter_speed":"0","title":"","orientation":"1","keywords":[]}},"post":1312,"source_url":"https:\/\/www.senneby-by.se\/wp-content\/uploads\/2017\/10\/H\u00e4ver\u00f6sund.jpg","_links":{"self":[{"href":"https:\/\/www.senneby-by.se\/index.php?rest_route=\/wp\/v2\/media\/1470"}],"collection":[{"href":"https:\/\/www.senneby-by.se\/index.php?rest_route=\/wp\/v2\/media"}],"about":[{"href":"https:\/\/www.senneby-by.se\/index.php?rest_route=\/wp\/v2\/types\/attachment"}],"author":[{"embeddable":true,"href":"https:\/\/www.senneby-by.se\/index.php?rest_route=\/wp\/v2\/users\/1"}],"replies":[{"embeddable":true,"href":"https:\/\/www.senneby-by.se\/index.php?rest_route=%2Fwp%2Fv2%2Fcomments&post=1470"}]}}

http://www.senneby-by.se/wp-content/uploads/2017/10/Häverösund.jpg

Häverösund

<p class="attachment"><a href='https://www.senneby-by.se/wp-content/uploads/2017/10/Häverösund.jpg'><img width="300" height="189" src="https://www.senneby-by.se/wp-content/uploads/2017/10/Häverösund-300x189.jpg" class="attachment-medium size-medium" alt="" decoding="async" loading="lazy" srcset="https://www.senneby-by.se/wp-content/uploads/2017/10/Häverösund-300x189.jpg 300w, https://www.senneby-by.se/wp-content/uploads/2017/10/Häverösund-768x484.jpg 768w, https://www.senneby-by.se/wp-content/uploads/2017/10/Häverösund-1024x645.jpg 1024w, https://www.senneby-by.se/wp-content/uploads/2017/10/Häverösund-476x300.jpg 476w, https://www.senneby-by.se/wp-content/uploads/2017/10/Häverösund.jpg 1612w" sizes="(max-width: 300px) 100vw, 300px" /></a></p>

<p>F.d. Häverödal. Slutet av 1940-talet.Längst till vänster, bio och  IOGT. Mittenhuset, f.d. mejeri. Längst till höger affär. <a href="https://www.senneby-by.se/?attachment_id=1470">Fortsätt läsa <span class="meta-nav">&rarr;</span></a></p>

2017/10/Häverösund.jpg

Häverösund-150x150.jpg

https://www.senneby-by.se/wp-content/uploads/2017/10/Häverösund-150x150.jpg

Häverösund-300x189.jpg

https://www.senneby-by.se/wp-content/uploads/2017/10/Häverösund-300x189.jpg

Häverösund-768x484.jpg

https://www.senneby-by.se/wp-content/uploads/2017/10/Häverösund-768x484.jpg

Häverösund-1024x645.jpg

https://www.senneby-by.se/wp-content/uploads/2017/10/Häverösund-1024x645.jpg

Häverösund-1000x288.jpg

https://www.senneby-by.se/wp-content/uploads/2017/10/Häverösund-1000x288.jpg

Häverösund-476x300.jpg

https://www.senneby-by.se/wp-content/uploads/2017/10/Häverösund-476x300.jpg

Häverösund.jpg

https://www.senneby-by.se/wp-content/uploads/2017/10/Häverösund.jpg
